 List the prime factors of y.
31, 47
Let v = -23 + 34. Let z = 17 - -2. Suppose 3*s = v + z. List the prime factors of s.
2, 5
Suppose 10*i = -100 + 760. List the prime factors of i.
2, 3, 11
Let f be 16*(4 - 45/12). Suppose 0 = -f*l + 2*l + 244. List the prime factors of l.
2, 61
Let d(a) = -51*a + 16. Let b(r) = 25*r - 8. Let z(v) = -5*b(v) - 2*d(v). What are the prime factors of z(-5)?
3, 41
Let x(z) = -z**2 - 7*z - 3. Let y be x(-5). Suppose 0 = 5*m - y*m + 24. What are the prime factors of m?
2, 3
Let j(y) = -2*y**3 - 4*y**2 + 1. Let a be (4/5)/(8/(-140)). Let o be a/4 - 1/(-2). What are the prime factors of j(o)?
19
Let r be 5 + 0 - (0 - -2). Suppose -18 = i - 4*b, -3*i + r*b = 5*b - 16. Suppose -i*s + 5*s = 48. What are the prime factors of s?
2
Let q(d) = -8*d**3 - 19*d**2 + 4*d - 6. List the prime factors of q(-8).
2, 7, 29
Let a(j) = 6*j**2 - 4*j + 9. Let w(b) = -2*b + 9. Let s be w(2). List the prime factors of a(s).
139
Let r(h) = -4*h + 409. List the prime factors of r(-47).
3, 199
Let o be (2/4)/((-4)/(-16)). List the prime factors of (86/10 - 9)/(o/(-830)).
2, 83
Suppose -5*w = -2*r - 725, -5*w + 4*r - 146 + 881 = 0. What are the prime factors of w?
11, 13
Let z = -117 - -364. Let l be (-2)/(-7) - z/7. Let u = -14 - l. What are the prime factors of u?
3, 7
Suppose 11*j - 2557 - 1359 = 0. List the prime factors of j.
2, 89
What are the prime factors of ((-92)/(-23))/((-2)/(-15))?
2, 3, 5
Let s(l) = 5*l**3 - 2*l. Let u be s(3). Let m be 14/(-21) + 28/6. Suppose -d - m*a = 2*d - u, 191 = 4*d - a. List the prime factors of d.
47
Let h(o) = 6*o**3 + o**2 + 14*o - 18. Let y(a) = -7*a**3 - a**2 - 15*a + 19. Let x(t) = 6*h(t) + 5*y(t). List the prime factors of x(6).
293
Let o(c) = -16*c**3 - 3*c**2 + c + 4. Let l be o(-4). Suppose -m + l = -3*m. What are the prime factors of m/(-10) + (-20)/(-100)?
7
Let o(p) = p**3 + 14*p**2 - 49*p - 35. List the prime factors of o(-15).
5, 19
Let u(i) = 69*i. List the prime factors of u(2).
2, 3, 23
Suppose -5*t + b + 5 = -0*b, -3 = -3*t + 2*b. Let d be (0 - t)/((-3)/(-6)). Let o(n) = -n**3 + 2*n**2 - 2*n - 2. List the prime factors of o(d).
2, 3
Suppose 0 = 2*y - 0*y - 274. List the prime factors of y.
137
Suppose 3*v = 4*a + 2435, 2*a - 5 = -3. What are the prime factors of v?
3, 271
Let p = -8 - -19. Suppose -p*j + 8*j = -150. Let z = j - -1. What are the prime factors of z?
3, 17
Let z = 3 + -2. Suppose 20*a + 24 = 28*a. Suppose a - z = s. List the prime factors of s.
2
Let o be (-2)/5 - (-4)/10. Let m be ((-1)/2*o)/1. Let b = m + 2. What are the prime factors of b?
2
Let d(p) = 68*p**2 + 7*p + 28. What are the prime factors of d(-3)?
619
Let u be (-790)/9 + (-6)/27. Let x = u + 183. List the prime factors of x.
5, 19
Let i(b) = 26*b + 1. Let w be i(-1). Let d = w + 54. What are the prime factors of d?
29
Let v = 14 - 8. Suppose -v*n + 25 = 127. Let y(f) = f + 32. What are the prime factors of y(n)?
3, 5
Let z = 1851 + -258. What are the prime factors of z?
3, 59
Suppose -4*k = -5*k + 8. Suppose -k = -x - 4. Suppose -a + 3*a = x. List the prime factors of a.
2
Let o be 13 + 8 - (-8)/(-2). Let w be (0 - -4)*1/2. What are the prime factors of 2*1/w*o?
17
Let d be (-30 - 0)*3/(-6). Suppose -w - 4*r = -4*w - 9, 5*w = -r - d. Let j = 12 + w. What are the prime factors of j?
3
Suppose 18 = 2*h - 18. What are the prime factors of ((-1251)/h)/((-1)/2)?
139
Let f = 209 - 57. List the prime factors of f.
2, 19
Let s be (-6)/(6*2/(-8)). Suppose s*b + 7*z - 16 = 11*z, 22 = 3*b + 2*z. What are the prime factors of b?
2, 3
Let a be 6/(44/16 - 2). Let w be 16*(0 + 2/a). Let r(p) = p**3 - 5*p**2 + 4*p + 5. List the prime factors of r(w).
5
Suppose 5*b - 2*h - 3*h = -5, -3*b = -5*h + 9. Suppose b*r - 2 = 10. Let c = r + 0. List the prime factors of c.
2, 3
Suppose -3*y + 30 = 2*y. What are the prime factors of (-74)/(-4) + 3/y?
19
Suppose -2*o = -0*o - 1108. What are the prime factors of o?
2, 277
Let n be (1 + (-12)/8)*-6. Suppose 0 = 3*r - n*a - 58 - 167, -3*a + 125 = 2*r. What are the prime factors of r?
2, 5, 7
Let x(c) = 98*c - 24. List the prime factors of x(2).
2, 43
Let y = 23 + -24. Let w be 9 - 7 - 3*y. Suppose -w*b - s + 3*s + 86 = 0, 2*b = -s + 29. List the prime factors of b.
2
What are the prime factors of (591 + 1)/(-4 - (-29)/7)?
2, 7, 37
Let v(m) = -7*m - 8. Let n be v(-7). Let y = 7 + n. List the prime factors of y.
2, 3
Let f(r) = r**3 - 5*r**2 + 6*r - 3. Let a be f(4). Let q = 17 + 38. Suppose a*d = 85 + q. List the prime factors of d.
2, 7
Suppose 21*o + 92 = 19*o. List the prime factors of (-10 - o)/(6/8).
2, 3
Let v = -340 + 483. Let m = 255 - v. List the prime factors of m.
2, 7
Suppose 6*g + 6 = 9*g. Suppose g*p + p = -4*i + 124, 3*i - 225 = -5*p. List the prime factors of p.
2, 3
Suppose 6*z + 454 - 2746 = 0. Suppose 2*v - z = -3*g + 340, -229 = -g - 3*v. List the prime factors of g.
2, 61
Suppose -y - 12 = -97. Let o = y - 31. List the prime factors of o.
2, 3
Suppose -2*n = 5*r + 424, 64 = -2*r + 3*n - 98. Let p = 247 + r. What are the prime factors of p?
163
Suppose -f + 2*i + 20 = 5, 2*f - 15 = i. Suppose 2*l + 2 = 0, -f*p + p + 14 = 2*l. What are the prime factors of 27*((-4)/p)/(-1)?
3
Let k(g) = -g - 21 + g**2 + 4*g + 7. Let b be k(-6). Suppose 5*u = -4*j + 97, -b*j + j + 81 = u. List the prime factors of j.
2, 7
Let n = -102 + 103. Suppose -5*a - 5*h + 485 = 0, 4 = h - n. List the prime factors of a.
2, 23
List the prime factors of (-5 + -683)*10/(-8).
2, 5, 43
Let a(t) = 4*t + 15. Let y be a(-3). Suppose -274 = -y*c - 76. List the prime factors of c.
2, 3, 11
Let k(f) = -f + 8. Let t be k(-4). Let u be (76/(-6))/((-8)/t). Let o = 30 + u. List the prime factors of o.
7
Suppose 2*y - z + 76 = 4*z, y + 27 = -3*z. Let h = y + 49. Suppose -17*o + 27 = -h*o. What are the prime factors of o?
3
Let q be (-4)/(-8) + (-6)/(-4). Suppose -5*j = -q*n + 6*n - 326, -193 = -3*j - 5*n. List the prime factors of j.
2, 3, 11
Suppose f + 5*y + 4 = 40, -153 = -5*f + 2*y. Suppose -2*x + z = -f, 0 = -5*x - 3*z + 1 + 82. Suppose c = x + 17. What are the prime factors of c?
3, 11
Suppose -a + 399 = 2*o - 0*o, 5*a = 5*o + 1980. List the prime factors of a.
397
What are the prime factors of -18 + 130 - -1*(1 + -2)?
3, 37
Let g = -825 - -1077. List the prime factors of g.
2, 3, 7
Suppose -25*o + 1988 + 587 = 0. What are the prime factors of o?
103
What are the prime factors of 402/(-4)*90/(-135)?
67
Let p(a) = -19*a**3 - 8*a**2 - 9*a - 35. What are the prime factors of p(-4)?
3, 11
Let j(k) = -k + 1. Let t(d) = 18*d - 6. Let n(x) = 4*j(x) + t(x). Let p be n(1). List the prime factors of (56/p)/(-2)*-18.
2, 3, 7
Let d(u) = -3*u**2 - 6*u + 6. Let c be d(-4). Let y(l) = -l**2 - 22*l - 29. List the prime factors of y(c).
43
Suppose 5*u - 134 = 361. Suppose -o + u = -5*v, 119 = 3*o - 2*v - 204. What are the prime factors of o?
109
Suppose -4*p + 2*o + 1 + 59 = 0, 2*p - 30 = -5*o. Let f = 10 - 7. Suppose f*h = -0*h + p. List the prime factors of h.
5
Let j = 36 + -34. Suppose 398 = 2*w - 3*t, -3*t + 582 = w + j*w. Suppose q + w = 5*q. What are the prime factors of q?
7
List the prime factors of (2/(-4) - 0)/(1/(-1670)).
5, 167
Suppose 7*z = 2*z - c - 11, 0 = -4*c - 4. What are the prime factors of 74 - ((-6)/(-3) - z)?
2, 5, 7
Let f(b) = 3*b**2 - 9*b. Let u(r) = r**3 - 13*r**2 + 14*r - 18. Let n be ((-18)/8)/((-24)/128). Let h be u(n). List the prime factors of f(h).
2, 3
Let p = 10 + 5. Suppose 5*q = -45 - p. Let z = 23 + q. What are the prime factors of z?
11
List the prime factors of -495*(-10)/((-150)/(-9)).
3, 11
Suppose t - 2*b = 0, -7 = -4*t - 0*t + b. Suppose -t*i = -0*i - 38. Let c = 46 - i. What are the prime factors of c?
3
Suppose -15 = 5*b, -3*p + 5*p - 4*b = 616. List the prime factors of p.
2, 151
Suppose -10 = -y + 4*f, -y + 0 = 5*f - 1. Let s = -3 + y. Let v(x) = x**3 - x + 1. What are the prime factors of v(s)?
5
Let f(p) = p**3 - 1195. Let i be f(0). List the prime factors of 1 + i/20*-4.
2, 3, 5
Let v(c) = 11*c - 2. Let z be v(-8). Let x be (8/6)/((-1)/48). Let l = x - z. What are the prime factors of l?
2, 13
Let j be 2*-1 + 71 + 0. Suppose b - 2*z = -b + 94, 0 = 2*b + 3*z - j. List the prime factors of b.
2, 3, 7
Let b(o) = o**3 - o - 1. Let x be b(0). What are the prime factors of (-5